 Suppose a - 1 = 5*v. What is the units digit of v?
0
Suppose -3*f + 41 = h + 4*h, 0 = -3*f - h + 37. Suppose 5*q - 8 - f = 0. Suppose -q = 3*p - 46. What is the tens digit of p?
1
Let h(s) = -s**3 - 10*s**2 + s + 12. Let n be h(-10). Let v(f) = -n*f + 3*f + 0*f. What is the units digit of v(5)?
5
Let y be -6*4/(-6) - 1. Let u = 34 - y. What is the tens digit of u?
3
Let j(u) = 5 - 3*u**3 + 4*u + 5*u**2 + 5*u**3 - u**3. What is the units digit of j(-4)?
5
Let f = -21 + 38. What is the units digit of f?
7
Suppose 22 = 3*w + 4*s, 4*w - 25 = 3*s - 4*s. Suppose -2*b = b - w. What is the units digit of b?
2
Let u(n) = -16*n**3 - n**2 + 2*n - 1. Let x be u(1). What is the units digit of -1*2*416/x?
2
Suppose -38 = -5*a + 17. What is the tens digit of 2/a - (-705)/55?
1
Suppose -3*k + 3 = 0, t + 4*t - k - 64 = 0. Suppose -2 = -0*s - s. Let l = t + s. What is the units digit of l?
5
Suppose -q - 3 = 1. Let f = -5 - q. What is the tens digit of 11 + -3 + 3 + f?
1
Suppose -38 + 11 = 3*y. Let m be 8/(-36) + 70/y. What is the units digit of 6/m - (-15)/4?
3
Let i = -4 - -6. Suppose 0 = -3*n - 4*a + 77, -i*n + 0*n + 4*a = -78. Let x = n - 15. What is the tens digit of x?
1
Let x(k) = 4*k - 10. Let h be x(10). Suppose -135 = 5*a - h. Let f = a + 34. What is the units digit of f?
3
Let f be ((-18)/(-3))/(4/(-6)). Let g = f + 13. What is the units digit of g?
4
Let g = 16 + -19. What is the tens digit of (45/21 + g)*-14?
1
Suppose -p = 4*t - 202, -127 = 2*p - t - 567. What is the units digit of p?
8
Suppose -4*w = -3*w - 18. Let n = 29 - 18. Let b = w - n. What is the units digit of b?
7
Let m = -86 - -170. What is the tens digit of m?
8
Let k = 3 - -27. What is the units digit of k?
0
Let q(d) = d**3 + d**2 + 4*d - 2. What is the units digit of q(3)?
6
Let x(h) = -h**2 + 12*h - 8. Suppose 0 = -3*o + 17 + 13. Let a be x(o). What is the units digit of a/8*(-44)/(-6)?
1
Let l = -52 + 74. What is the tens digit of l?
2
Suppose 4*s - 3*r = -0*s + 69, 4*s - 75 = 5*r. Let j = 5 + 0. Suppose 0*h = j*h - s. What is the units digit of h?
3
Let c = -6 + -3. Let j = c + 15. What is the units digit of j?
6
Let w be 3/(-2)*(-24)/18. Let t(v) = 6*v**3 - v. Let l be t(1). Suppose l*f = -5*m, -w*m - 2*m = -f + 25. What is the units digit of f?
5
Let h(g) = g**2 - 1. Suppose q = -q - 6. What is the units digit of h(q)?
8
Suppose -13*f = p - 14*f - 64, 2*p + 4*f - 110 = 0. What is the tens digit of p?
6
Let s(p) = -17*p + 46. What is the hundreds digit of s(-10)?
2
Let k(i) = 0*i**2 + i + i**3 + 7*i**2 - 5 - 3*i. Suppose 0*h - 1 = -2*u - 3*h, -u - 17 = -2*h. What is the units digit of k(u)?
9
Let q(u) = -u**3 + 8*u**2 - 2*u - 6. What is the tens digit of q(6)?
5
Let d be (-1 + 2 - 1) + 72. Suppose t - d = -t. Suppose 3 = 3*h - t. What is the units digit of h?
3
Let f = 8 - 7. Let h be (-78)/12 + f/(-2). Let m(q) = -3*q - 4. What is the tens digit of m(h)?
1
Suppose 2*c - 159 = -c. Suppose 3*m - 4*a = c, 40 = 4*m + m + 3*a. What is the tens digit of m?
1
Let m(g) = 9*g - 3. Suppose -9 = -x + 4*b - 3*b, -x + 29 = -5*b. What is the units digit of m(x)?
3
Let h(w) be the second derivative of -w**3 + 1/2*w**2 + 0 + 4*w - 1/12*w**4. What is the units digit of h(-6)?
1
Suppose -20*f = -17*f - 195. What is the units digit of f?
5
Let k be (-4)/(1*(-5 - -3)). Suppose 4*i = -q + k, -3*q + 5 + 1 = i. Let s = -1 + q. What is the units digit of s?
1
Suppose -2*w = 10, 5*v + 32 = 2*v - 4*w. Let f be 0/1 + 1/(-1). Let r = f - v. What is the units digit of r?
3
Let d(m) = -m**3 + 3*m**2 + 4*m + 2. Let g be d(4). Suppose 0 = -4*v + 2*i + 48, -g*i = -3*v + 2*v + 18. What is the units digit of v?
0
Suppose 0 = 5*k + 2*l - 334, 71 = -3*k + 4*k - l. What is the units digit of k?
8
Suppose 1 = -3*l + l + s, -l = -5*s + 14. What is the units digit of 0 + (-1)/(l/(-14))?
4
Suppose 0 = 3*d + 10 + 14. Let y = 12 + d. What is the units digit of y?
4
Suppose 3*c - k - 108 = 2*k, k + 164 = 5*c. Suppose -2*q + c + 22 = 0. What is the tens digit of q?
2
Suppose -3*i = -7*i + 180. Suppose -27 = -5*t - 4*x + i, -4*x + 48 = 3*t. What is the tens digit of t?
1
Suppose -3*c + 38 = 3*i + c, i + 9 = 3*c. Let y = 13 - i. What is the units digit of y?
7
Suppose -4 = -2*o - 4*l + 2, l = 0. Suppose n - 52 = -o*n. What is the units digit of n?
3
Suppose a - 4*q = 29, -a + 76 = 4*a + 3*q. What is the tens digit of a?
1
Let i(j) = -2*j + 2 - 13 + 6*j + j. What is the tens digit of i(6)?
1
Suppose 0 = s - 5*b - 87, 3*b - b = -5*s + 408. What is the units digit of s?
2
Let a = 12 + -5. What is the units digit of a?
7
Suppose -5*g - 24 + 4 = 0. Let k(p) = p**3 + 5*p**2 + 2. What is the tens digit of k(g)?
1
Suppose -3*l + 152 = -2*h, 2*l + 3*h - 285 = -3*l. What is the units digit of l?
4
Let f(g) = -g**3 + 10*g**2 + g + 1. Let t be f(10). Suppose -4*m + 5*m = t. What is the tens digit of m?
1
Let p = 19 + -11. Suppose -i + p = i. What is the units digit of i?
4
Suppose -7*y + 4*y + 6 = 0. Suppose y*d = -d + 6. What is the units digit of d?
2
Let h(y) = -y**2 + 7*y + 5. Let j(k) = -k**3 + 7*k**2 + 2*k - 10. Let o be j(7). Suppose 4*r - 26 = -4*q + 2*q, 3*q + 21 = o*r. What is the units digit of h(r)?
1
Suppose -2*r - 3*r + 10 = 0. Suppose 2*s - 3*o - 10 = -4, 2*s + r*o = 26. Suppose s = 2*i - 1. What is the units digit of i?
5
Suppose 4*q = -5*u + 5*q + 157, q = -3*u + 91. What is the units digit of u?
1
Suppose -130 = -x - 4*q, 4*x + q - 415 = 60. What is the units digit of x?
8
Let f be (-148)/(-12) - (-2)/3. Let v = f + -1. What is the units digit of v?
2
Suppose -3*k = -8*k - 100. What is the units digit of ((-48)/k)/(2/15)?
8
Suppose 0*f + 3*f = 135. What is the units digit of f?
5
What is the tens digit of 30 + -2 + 3 - 2?
2
Let u = 60 - -73. What is the hundreds digit of u?
1
Let y(n) = -n**3 + 5*n**2 + n - 2. Let p be y(5). Suppose 4*j + j - 25 = 0. Suppose -p*k = -4*k + j. What is the units digit of k?
5
Let p be (-1736)/(-35) - (-2)/5. Suppose -i + 0*u + 51 = -3*u, -2*u - p = -i. What is the tens digit of i?
4
Let x(f) = f - 3. What is the units digit of x(4)?
1
Let u(g) = g**2 + 4*g - 1. Let b = -8 + 4. Let p be u(b). What is the units digit of 0 - 2 - (p + -5)?
4
Suppose g = -2*g. Suppose b - c + 0*c - 8 = g, 0 = -5*c + 5. What is the units digit of b?
9
Suppose -a + 5*a + 36 = 0. Let w = a - -12. What is the units digit of w?
3
Let w = -8 + 33. What is the units digit of w?
5
What is the units digit of (-242)/(-12) + 2/(-12)?
0
Let h(a) = -5*a + a - 3*a - a**2 - 1. What is the units digit of h(-4)?
1
Let u = 13 + -5. Let d = u + 23. Suppose 0 = -4*k + d - 3. What is the units digit of k?
7
Let o = -6 + 4. What is the tens digit of 6*o*(-8)/6?
1
Suppose 0 = n - 2*h + h - 97, 0 = -2*n - 4*h + 224. Suppose -5*b - j + n = 3*j, -3*b = -4*j - 42. What is the tens digit of b?
1
What is the tens digit of (-94)/(-1 - 0) - 0/(-12)?
9
Suppose 0*d + 27 = z + 2*d, 5*z + 5*d - 155 = 0. What is the tens digit of z?
3
Let u(f) = -2*f + 5. Let t be u(-4). Suppose -3*l + 14 = -t. Let n = -4 + l. What is the units digit of n?
5
Let l(s) = -s**2 - 16*s - 27. What is the units digit of l(-12)?
1
Suppose 4*v - 3 = -m + 28, -m = -v - 11. Let s be (m/(-6))/((-3)/6). Suppose 3*t + s*o - 25 = 0, -t + 2*t + 5*o = 5. What is the tens digit of t?
1
Suppose -36 - 414 = -9*o. What is the units digit of o?
0
Suppose -2*p - 2*g + 4 = 0, -4*g + 6 = 2*p - 0. Let m = p - 0. What is the units digit of m?
1
Suppose 2*h - 3*h + 5 = -3*z, -z - 5*h = -25. Let a be 22 + z + 0 + -2. Suppose -3*y - 8 = -2*r, 0 = -3*r - 2*y + 5 + a. What is the units digit of r?
7
What is the units digit of 1/((-5)/(-170) + 0)?
4
Let l be (30 + -3)*(-4)/(-12). Suppose 3*x + 3*y - l + 3 = 0, 30 = 3*x - 5*y. What is the units digit of x?
5
Let p(n) = n**2 - 4*n + 12. What is the tens digit of p(7)?
3
Let y(k) = 2*k**3 + 11*k**2 - 3*k - 1. What is the units digit of y(-5)?
9
Let s(m) = -5*m + 7. What is the units digit of s(-3)?
2
Let p be 2 - 1 - (-2 - -1). Suppose 2*d - 4*z = -3*z - 7, 5*z - p = -d. Let t(g) = g**2 + g - 3. What is the units digit of t(d)?
3
Let a(s) = -21*s - 29. What is the tens digit of a(-9)?
6
Suppose 4 = y - 3*y. Let g = y - -5. Suppose -2*w = -5*w + g. What is the units digit of w?
1
Let k be 2/(13/(-5) + 3). Let w(i) = 2*i + 1. What is the uni